undreds digit of 985?
9
What is the thousands digit of 11995?
1
What is the units digit of 44302?
2
What is the thousands digit of 17747?
7
What is the tens digit of 678?
7
What is the ten thousands digit of 11045?
1
What is the tens digit of 98?
9
What is the ten thousands digit of 11126?
1
What is the units digit of 5713?
3
What is the hundreds digit of 3042?
0
What is the units digit of 2960?
0
What is the tens digit of 1779?
7
What is the hundreds digit of 4994?
9
What is the thousands digit of 19071?
9
What is the ten thousands digit of 10179?
1
What is the thousands digit of 2492?
2
What is the hundreds digit of 5079?
0
What is the tens digit of 7038?
3
What is the thousands digit of 11653?
1
What is the thousands digit of 1359?
1
What is the tens digit of 10233?
3
What is the thousands digit of 4483?
4
What is the tens digit of 6561?
6
What is the tens digit of 4311?
1
What is the tens digit of 13056?
5
What is the hundreds digit of 1302?
3
What is the hundreds digit of 4593?
5
What is the units digit of 42193?
3
What is the hundreds digit of 4073?
0
What is the units digit of 46?
6
What is the thousands digit of 3572?
3
What is the units digit of 373?
3
What is the hundreds digit of 5343?
3
What is the tens digit of 3616?
1
What is the units digit of 88364?
4
What is the units digit of 2931?
1
What is the tens digit of 121?
2
What is the tens digit of 728?
2
What is the tens digit of 10152?
5
What is the thousands digit of 8685?
8
What is the units digit of 17136?
6
What is the tens digit of 10901?
0
What is the tens digit of 15959?
5
What is the units digit of 17829?
9
What is the units digit of 5319?
9
What is the thousands digit of 2018?
2
What is the tens digit of 49640?
4
What is the thousands digit of 3325?
3
What is the tens digit of 1237?
3
What is the hundreds digit of 98151?
1
What is the units digit of 4102?
2
What is the thousands digit of 67322?
7
What is the units digit of 6119?
9
What is the units digit of 181348?
8
What is the units digit of 4009?
9
What is the tens digit of 1138?
3
What is the thousands digit of 3092?
3
What is the thousands digit of 1823?
1
What is the tens digit of 1877?
7
What is the units digit of 46065?
5
What is the tens digit of 35073?
7
What is the units digit of 3640?
0
What is the thousands digit of 1260?
1
What is the tens digit of 4104?
0
What is the hundreds digit of 100?
1
What is the tens digit of 2116?
1
What is the hundreds digit of 301?
3
What is the tens digit of 5129?
2
What is the hundreds digit of 905?
9
What is the hundreds digit of 21270?
2
What is the units digit of 87358?
8
What is the tens digit of 28728?
2
What is the tens digit of 1047?
4
What is the units digit of 4027?
7
What is the thousands digit of 1461?
1
What is the tens digit of 330?
3
What is the tens digit of 3748?
4
What is the hundreds digit of 49355?
3
What is the thousands digit of 59252?
9
What is the thousands digit of 108387?
8
What is the tens digit of 17240?
4
What is the tens digit of 698?
9
What is the hundreds digit of 760?
7
What is the tens digit of 60333?
3
What is the units digit of 23632?
2
What is the tens digit of 36998?
9
What is the ten thousands digit of 151750?
5
What is the units digit of 1653?
3
What is the units digit of 204?
4
What is the hundreds digit of 10603?
6
What is the units digit of 72?
2
What is the thousands digit of 5589?
5
What is the units digit of 451?
1
What is the thousands digit of 1539?
1
What is the hundreds digit of 34450?
4
What is the tens digit of 17232?
3
What is the tens digit of 1558?
5
What is the thousands digit of 108637?
8
What is the tens digit of 21621?
2
What is the thousands digit of 4192?
4
What is the units digit of 709?
9
What is the ten thousands digit of 53010?
5
What is the hundreds digit of 25553?
5
What is the thousands digit of 22763?
2
What is the ten thousands digit of 21662?
2
What is the ten thousands digit of 12789?
1
What is the hundreds digit of 92170?
1
What is the tens digit of 38128?
2
What is the tens digit of 8739?
3
What is the units digit of 4351?
1
What is the hundred thousands digit of 158254?
1
What is the units digit of 428?
8
What is the thousands digit of 45577?
5
What is the tens digit of 4687?
8
What is the hundreds digit of 2205?
2
What is the units digit of 1520?
0
What is the thousands digit of 29684?
9
What is the thousands digit of 12709?
2
What is the hundreds digit of 1549?
5
What is the thousands digit of 6033?
6
What is the tens digit of 36907?
0
What is the tens digit of 653?
5
What is the units digit of 767?
7
What is the tens digit of 9280?
8
What is the hundreds digit of 771?
7
What is the units digit of 1121?
1
What is the hundreds digit of 5851?
8
What is the tens digit of 6462?
6
What is the thousands digit of 2575?
2
What is the units digit of 171882?
2
What is the units digit of 3353?
3
What is the thousands digit of 60892?
0
What is the thousands digit of 11303?
1
What is the tens digit of 1987?
8
What is the hundreds digit of 67079?
0
What is the hundreds digit of 29099?
0
What is the tens digit of 3042?
4
What is the hundreds digit of 7407?
4
What is the units digit of 23009?
9
What is the units digit of 1514?
4
What is the ten thousands digit of 19069?
1
What is the tens digit of 87858?
5
What is the thousands digit of 8385?
8
What is the thousands digit of 56096?
6
What is the units digit of 429?
9
What is the units digit of 867?
7
What is the hundred thousands digit of 101885?
1
What is the tens digit of 416?
1
What is the hundreds digit of 7865?
8
What is the units digit of 1242?
2
What is the thousands digit of 5213?
5
What is the tens digit of 2780?
8
What is the hundreds digit of 17586?
5
What is the thousands digit of 3478?
3
What is the units digit of 664?
4
What is the hundreds digit of 14100?
1
What is the hundreds digit of 4096?
0
What is the hundreds digit of 6376?
3
What is the tens digit of 49707?
0
What is the tens digit of 576?
7
What is the thousands digit of 19221?
9
What is the tens digit of 12499?
9
What is the units digit of 17435?
5
What is the hundreds digit of 1003?
0
What is the units digit of 475?
5
What is the tens digit of 16493?
9
What is the hundreds digit of 574?
5
What is the tens digit of 896?
9
What is the units digit of 34145?
5
What is the hundreds digit of 3020?
0
What is the thousands digit of 43630?
3
What is the ten thousands digit of 78103?
7
What is the thousands digit of 31629?
1
What is the tens digit of 313?
1
What is the ten thousands digit of 78574?
7
What is the tens digit of 8995?
9
What is the ten thousands digit of 67010?
6
What is the tens digit of 26483?
8
What is the units digit of 21266?
6
What is the hundreds digit of 2026?
0
What is the hundreds digit of 106154?
1
What is the tens digit of 29239?
3
What is the hundreds digit of 3965?
9
What is the tens digit of 715?
1
What is the ten thousands digit of 79392?
7
What is the units digit of 1446?
6
What is the thousands digit of 1190?
1
What is the ten thousands digit of 41390?
4
What is the tens digit of 9114?
1
What is the tens digit of 34934?
3
What is the hundreds digit of 1073?
0
What is the units digit of 2600?
0
What is the thousands digit of 22990?
2
What is the thousands digit of 30897?
0
What is the hundreds digit of 174?
1
What is the hundreds digit of 870?
8
What is the units digit of 3472?
2
What is the tens digit of 1669?
6
What is the units digit of 175?
5
What is the thousands digit of 58114?
8
What is the thousands digit of 2305?
2
What is the thousands digit of 7266?
7
What is the ten thousands digit of 22928?
2
What is the units digit of 1?
1
What is the units digit of 63806?
6
What is the units digit of 174?
4
What is the tens digit of 7817?
1
What is the hundreds digit of 58650?
6
What is the thousands digit of 127909?
7
What is the hundreds digit of 2958?
9
What is the tens digit of 1495?
9
What is the hundreds digit of 49363?
3
What is the units digit of 5454?
4
What is the units digit of 357?
7
What is the thousands digit of 3393?
3
What is the units digit of 837?
7
What is the ten thousands digit of 48584?
4
What is the hundreds digit of 1031?
0
What is the tens digit of 308?
0
What is the thousands digit of 11200?
1
What is the ten thousands digit of 23125?
2
What is 